-131 + 128. Let r be (3/(-2))/(1/4). Is (-1)/f - 40/r a composite number?
False
Suppose -27163 + 9310 = -11*i. Is i a prime number?
False
Suppose -2*c + 10 = -2*y, 4*c - 3*y - 7 = 3*c. Suppose -3*n - c*n = -434. Is n a prime number?
False
Suppose -3*m + 2*q + 14 = 0, -5*m + 22 = -0*m - 3*q. Suppose -11 - 11 = m*n. Let d(g) = -7*g + 10. Is d(n) a composite number?
True
Let d = -32 - -36. Suppose -2*j + o + 262 = 0, d*o + 31 = j - 114. Is j composite?
True
Let w(l) = 2*l + 25. Let p be w(-10). Suppose -p*s = 4*y - 4341, -3262 = -3*y - 3*s - 2*s. Is y a prime number?
False
Let b = -22 + 8. Let i = 26 - b. Suppose 5*p = 5, -119 - i = -2*j - 5*p. Is j composite?
True
Let c = 963 + -1585. Let z(u) = u**2 - 3*u - 4. Let x be z(-3). Is 2/x - c/7 a prime number?
True
Let x = 3654 + -1021. Is x prime?
True
Let o(z) = z**2 - 5*z + 4. Let m be o(4). Suppose u = 2*k - m - 6, 3*k - 14 = 4*u. Suppose k*f + f - 57 = 0. Is f a composite number?
False
Suppose 3*z + 6287 = o, -321*o + 18853 = -318*o - 5*z. Is o a prime number?
False
Suppose 0*r - 7255 = -2*r + 3*f, 4*r - f - 14515 = 0. Is r prime?
False
Is (-4 - -3)/8 - (-398445)/40 composite?
True
Is 1/(2 - (-6102)/(-3054)) a prime number?
True
Suppose 2*m - 1072 = -5*s, -m - 2*s + 247 + 289 = 0. Let l = m - -801. Is l a composite number?
True
Is (-1)/(-6) + (-134020)/(-120) prime?
True
Suppose -4*u + 66 = -2*u. Is (22/u)/(4/354) prime?
True
Is 2*(-3513)/(-24) - 5/(-20) a composite number?
False
Is 4907 - (12 - (-3 - -5)) prime?
False
Suppose -2*d + 4*w = 3 + 1, -4*d + w = -6. Suppose d*l - 3*l = -3*o - 109, 3*o + 327 = 3*l. Is l a prime number?
True
Let n(i) = 26*i - 2. Let t be n(2). Let o(b) = -3*b**3 + b**2 + 3*b + 1. Let z be o(2). Let m = t + z. Is m a prime number?
True
Suppose -7*k - 208 + 733 = 0. Let n be (-5)/(-2)*4/5. Suppose -n*f + k = -247. Is f prime?
False
Suppose k - 7849 = -4*d, 2*k + 5*d - 39170 = -3*k. Is k a prime number?
True
Is (84 + -85)*(-863 - 0) composite?
False
Let p(w) = -130*w + 14. Let x be p(4). Let h = -252 - x. Is h a composite number?
True
Suppose -13*z = -3*w - 11*z + 231117, 0 = z - 3. Is w composite?
False
Suppose y = -2*y - 4*b + 28, 24 = 2*y + 4*b. Suppose 9 = 3*i, -y*i + 1115 = 2*z - i. Is z composite?
True
Let b(i) = -i**3 - 4*i**2 + 3*i - 7. Let x be b(-5). Let d(v) = -5*v - 1 - x*v**3 - v**3 - 3*v**2 - v**2. Is d(-4) a prime number?
True
Let b(u) = 2*u**2 - 2*u - 2. Let z be b(2). Suppose 0 = c - z*c - 4. Is (1694/28)/((-2)/c) a prime number?
False
Suppose -o = 3*i + 107, 0*i - 4*i - 141 = o. Let y = 10 + i. Is (-454)/(-8) - 6/y composite?
True
Let a be 7/49 - (-1807)/(-7). Let p be (-6)/39 + a/13. Is (-909)/(-5) - (-16)/p prime?
True
Suppose 11*f - 8*f = 966. Let c = f + 9. Is c a composite number?
False
Let h = 3 + -11. Let w = 11 + h. Suppose -2*j = l - 49, w*j - 2*l - 76 = -l. Is j a composite number?
True
Let k(c) = -c**2 - 58*c - 35. Is k(-40) prime?
False
Let o be 657 + (1/(-6) - (-136)/(-48)). Suppose 3*i - 983 = 301. Let p = o - i. Is p a prime number?
False
Let s = -2257 - -9036. Is s composite?
False
Suppose -21576 = 14*s - 20*s. Let m = -2455 + s. Is m prime?
False
Let a(g) = -5*g**2 + 206*g + 127. Is a(40) prime?
True
Suppose -101*w + 94*w + 112343 = 0. Is w a prime number?
False
Let n(h) = 6*h**2 - 13*h + 5. Let y(g) = g**3 + 19*g**2 + 19*g + 10. Let j be y(-18). Is n(j) a prime number?
False
Suppose z + 4 = 8. Suppose 0*l = 3*l + z*r - 158, 5*r = -4*l + 209. Is l a composite number?
True
Suppose 4*d + 2979 - 13303 = 4*b, -5*d + b = -12889. Suppose -d = -5*c + 2678. Suppose 5*u - 1350 = 4*r, 4*u + 2*r - c = 55. Is u a composite number?
True
Suppose 0 = -x - 3*l - 3, 1 = -2*x - 4*l - 3. Suppose y + o = 1318, -y + x*y + 3*o + 1306 = 0. Is y a prime number?
False
Suppose -4*n + 169 + 146 = -z, z - 309 = -4*n. Let o = 205 - n. Is o composite?
False
Suppose 2*i = -4, -4*v - 5*i = -3*v + 14. Let y be 2/v + (-3)/(-6). Suppose -j + 28 - 5 = y. Is j a composite number?
False
Suppose -5*v - 4*u = -19751, 2*v + 6*u = u + 7914. Is v a composite number?
False
Let q(l) = 26*l**2 + 27*l + 169. Is q(-12) a prime number?
False
Let b(a) = -2*a**2 - a - 2 + 3*a**2 + a**2. Let h be -1*(44 + -2)/(-6). Is b(h) prime?
True
Suppose 5*o + 19 = -2*w, -5*w - 4 = 5*o + 6. Suppose 0 = -3*d + 12, -4*v + 560 = w*d + 232. Is v a composite number?
False
Let d be 2/3*2/(12/(-45)). Let k = 91 - -11. Let x = k + d. Is x composite?
False
Let n = 82 + -82. Suppose 14*m - 5516 - 12866 = n. Is m a prime number?
False
Let i = -489 + 698. Is i composite?
True
Let n(q) = -q**3 - 9*q**2 - 2*q - 17. Let z be n(-14). Let k = 1898 - z. Is k a composite number?
False
Suppose 11*n + 3 = 12*n. Let f be n - -2*(-1)/2. Suppose f*g = -0*g + j + 299, 0 = -2*j - 2. Is g a composite number?
False
Let x = -1814 + 3617. Suppose -5*d + 2*w + x = -4*d, 3*w - 5400 = -3*d. Is d composite?
False
Let g be 2273/4 + 1/(-4). Suppose 0 = 3*i + i - g. Suppose i = j - 5*b, -8*j + 520 = -4*j - 4*b. Is j a composite number?
False
Let q(c) = c**3 + 5*c**2 - 2*c - 6. Let d be q(-5). Suppose m = -d*m + 1705. Is m composite?
True
Is 5294 + ((-5)/(-5)*-3)/(-1) a prime number?
True
Suppose 17*w = 11*w + 36. Suppose 0 = -8*m + w*m + 6430. Is m composite?
True
Is (-6 + -1376)*2/(-4) a prime number?
True
Let v = -4451 - -6436. Let m(q) = 4*q**3 + q**2 - 1. Let n be m(1). Suppose b = -n*b + v. Is b prime?
True
Suppose -43585 = -w - 3*w - f, -4*f - 21770 = -2*w. Is w composite?
True
Let l be (-21)/(-2) - 2/(-4). Let o(d) = -d**3 + 12*d**2 + 5*d - 10. Let p be o(l). Is 2/(1 + p/(-170)) a composite number?
True
Let u = 6700 - 2661. Is u prime?
False
Suppose -5*n + q + 20 = 0, 35 = 5*n - 4*q - 0*q. Let g(k) = -k**2 + 2*k + 1. Let t be g(n). Is (-3)/3*t - -32 a prime number?
False
Let b(t) = -t**3 + 19*t**2 + 3*t + 46. Suppose 0 = -4*h + 6*f - f + 81, 5*h - 93 = -2*f. Is b(h) a prime number?
True
Let p = 36 - 39. Let i be p/(-2) - 25/(-10). Suppose -296 = -i*u - 4*u. Is u composite?
False
Is ((-106419)/(-33) - -4) + 4/22 prime?
True
Suppose -4*r + 29364 = 4*v - 10240, 3*r = 3*v + 29703. Is r a composite number?
False
Suppose 48*k = 46*k - 5576. Let q = k + 4547. Is q a prime number?
True
Let v be 10/30*0/2. Let w(h) = v - 17 - 73*h + 7. Is w(-3) a prime number?
False
Let k be 0/(-3)*3/(-6). Let y(b) = -b**3 - b**2 + b + 3. Let t be y(k). Suppose -t*q + 447 = -2*c, -5*q - 246 = -4*c - 991. Is q a composite number?
False
Suppose -27*r = -30*r - 3*p + 11376, 3*p - 15163 = -4*r. Is r composite?
True
Let a be (0 - -4)/(2/20). Suppose -5*j + a = -5*o + 5, 2*j = -5*o - 14. Suppose 3*k + 4*g - 383 = 0, j*k - 4*k + 131 = -2*g. Is k a composite number?
True
Suppose -17*j = -18*j + 23455. Is j composite?
True
Let x be -4 + (2 - -7 - -4). Suppose -3*s + 0 = 3*k - x, -2*k + 18 = -4*s. Is 22/33*(-771)/s a composite number?
False
Suppose 0 = 5*g, -3*c + 1 + 2 = 3*g. Is (2 + 631)/3*c a prime number?
True
Let g = 9471 - 3172. Is g a prime number?
True
Suppose -2*y = 4*c - 5862, 4*c + 1009 = y - 1946. Is y composite?
False
Suppose -n - 5*o + 574 + 74 = 0, n + 2*o - 633 = 0. Is n prime?
False
Let q(y) = -y - 32. Suppose 2*g + a = -33, -9 = -3*a - 24. Let v be q(g). Is 3*-409*6/v prime?
True
Let l(b) = 10*b + 94. Let i be l(-13). Let v(d) = -12*d - 1. Let a be v(6). Let u = i - a. Is u a composite number?
False
Let h = -83470 - -121965. Is h a prime number?
False
Let g(r) = r**3 + 2*r**2 - r. Let v be g(1). Is (3/v)/((-3)/(-20)) composite?
True
Let t = -140303 + 196558. Is t a prime number?
False
Let x(g) = 9*g**2 + 2*g**3 - 4 + 3*g**2 - 4*g - g**3 - 10. Is x(-9) composite?
True
Let o be (1/(-2))/(2/52). Let j = 16 + o. Suppose 2*w + 0*w = -3*g + 269, -3*w = j*g - 270. Is g a prime number?
True
Let n = 9722 - -6065. Is n a prime number?
True
Let y = 2134 + -1134. Suppose 3*u - 2347 = -y. Is u prime?
True
Let u(a) = 43838*a + 3. Is u(1) a composite number?
True
Is (0 + 1)/(284812/94930 + -3) composite?
True
Suppose -9*j + 85 = -14*j. Let r(k) = k**2 + 14*k + 23. Is r(j) a prime number?
False
Let y = 71 + -91. Is (-7366)/(y/4 - -3) a composite number?
True
Let w(t) = t**2 - 19*t - 9. Let s be 17 + -1*(-2 - 0). Let a be w(s). Is -3*3/a + 177 a prime number?
False
Let y(u) = u**3 + 7*u**2 + 5*u - 6. Let t be y(-6). Suppose -17394 = -6*p - t*p. Is p prime?
Fa